{"id":1311,"date":"2025-02-01T15:12:46","date_gmt":"2025-02-01T15:12:46","guid":{"rendered":"https:\/\/thp-sonja-fuchs.de\/?page_id=1311"},"modified":"2025-02-02T08:53:29","modified_gmt":"2025-02-02T08:53:29","slug":"relax-therapie","status":"publish","type":"page","link":"https:\/\/thp-sonja-fuchs.de\/?page_id=1311","title":{"rendered":"Relax-Therapie"},"content":{"rendered":"\n<figure class=\"wp-block-image alignwide size-large\"><img loading=\"lazy\" decoding=\"async\" width=\"1080\" height=\"607\" src=\"https:\/\/thp-sonja-fuchs.de\/wp-content\/uploads\/2025\/02\/Screenshot_20240621_192107_com.android.chrome_edit_429588052992782-edited.jpg\" alt=\"\" class=\"wp-image-1329\" srcset=\"https:\/\/thp-sonja-fuchs.de\/wp-content\/uploads\/2025\/02\/Screenshot_20240621_192107_com.android.chrome_edit_429588052992782-edited.jpg 1080w, https:\/\/thp-sonja-fuchs.de\/wp-content\/uploads\/2025\/02\/Screenshot_20240621_192107_com.android.chrome_edit_429588052992782-edited-300x169.jpg 300w, https:\/\/thp-sonja-fuchs.de\/wp-content\/uploads\/2025\/02\/Screenshot_20240621_192107_com.android.chrome_edit_429588052992782-edited-1024x576.jpg 1024w, https:\/\/thp-sonja-fuchs.de\/wp-content\/uploads\/2025\/02\/Screenshot_20240621_192107_com.android.chrome_edit_429588052992782-edited-768x432.jpg 768w\" sizes=\"auto, (max-width: 1080px) 100vw, 1080px\" \/><\/figure>\n\n\n\n<p class=\"has-text-align-left has-medium-font-size\">Die Relax-Therapie entstand urspr\u00fcnglich aus der sehr gro\u00dfen Nachfrage f\u00fcr Tiere mit starker bis panischer Angst zu Silvester. Das Angebot von Medikamenten \u00fcber nat\u00fcrliche Substanzen bis hin zum Eierlik\u00f6r ist kaum mehr \u00fcberschaubar. Man findet hierzu viele widerspr\u00fcchliche Meinungen, Dosierungen, Wirkungen\/Nebenwirkungen und am Ende hat man sich dann doch f\u00fcr das falsche Mittel entschieden und das geliebte Tier leidet wieder einmal Todes\u00e4ngste. So m\u00f6chte man das neue Jahr nat\u00fcrlich nicht begr\u00fc\u00dfen. <\/p>\n\n\n\n<p class=\"has-medium-font-size\">Mit meiner Therapie biete ich ein umf\u00e4ngliches Angebot, bestehend aus manuellen Therapien, pers\u00f6nlicher Begleitung \u00fcber einen l\u00e4ngeren Zeitraum, Beratung zu unterst\u00fctzenden und angstl\u00f6senden Ma\u00dfnahmen sowie zus\u00e4tzlichen Heilkr\u00e4uter, Heilpilzen, \u00e4therischen \u00d6len, Bachbl\u00fcten, Futterzus\u00e4tzen uvm. <\/p>\n\n\n\n<p class=\"has-medium-font-size\">Nat\u00fcrlich eignet sich die Relax-Therapie nicht nur zur Vorbereitung zu Silvester, sondern auch f\u00fcr s\u00e4mtliche \u00c4ngste des Alltages wie beispielsweise bei Gewitter. <\/p>\n\n\n\n<p class=\"has-medium-font-size\">Stress und Angst erh\u00f6hen im K\u00f6rper den Cortisolspiegel. Der K\u00f6rper verliert dadurch an seinen Abwehrkr\u00e4ften und neigt schneller zu Entz\u00fcndungen. Auch bekannt ist, dass Stress und Angst Krebs beg\u00fcnstigen kann. Stress macht krank und schr\u00e4nkt den Alltag und das Wohlbefinden enorm ein!  <\/p>\n\n\n\n<p class=\"has-medium-font-size\">Warten Sie nicht, bis sich klinische Symptome zeigen, unterst\u00fctzen Sie Ihr Tier fr\u00fchzeitig. <\/p>\n","protected":false},"excerpt":{"rendered":"<p>Die Relax-Therapie entstand urspr\u00fcnglich aus der sehr gro\u00dfen Nachfrage f\u00fcr Tiere mit starker bis panischer Angst zu Silvester. Das Angebot von Medikamenten \u00fcber nat\u00fcrliche Substanzen bis hin zum Eierlik\u00f6r ist &hellip;<\/p>\n<p class=\"read-more\"> <a class=\" thunk-readmore button \" href=\"https:\/\/thp-sonja-fuchs.de\/?page_id=1311\"> <span class=\"screen-reader-text\">Relax-Therapie<\/span>Read More<\/a><\/p>\n","protected":false},"author":1,"featured_media":0,"parent":0,"menu_order":0,"comment_status":"closed","ping_status":"closed","template":"","meta":{"footnotes":""},"class_list":["post-1311","page","type-page","status-publish","hentry"],"_links":{"self":[{"href":"https:\/\/thp-sonja-fuchs.de\/index.php?rest_route=\/wp\/v2\/pages\/1311","targetHints":{"allow":["GET"]}}],"collection":[{"href":"https:\/\/thp-sonja-fuchs.de\/index.php?rest_route=\/wp\/v2\/pages"}],"about":[{"href":"https:\/\/thp-sonja-fuchs.de\/index.php?rest_route=\/wp\/v2\/types\/page"}],"author":[{"embeddable":true,"href":"https:\/\/thp-sonja-fuchs.de\/index.php?rest_route=\/wp\/v2\/users\/1"}],"replies":[{"embeddable":true,"href":"https:\/\/thp-sonja-fuchs.de\/index.php?rest_route=%2Fwp%2Fv2%2Fcomments&post=1311"}],"version-history":[{"count":3,"href":"https:\/\/thp-sonja-fuchs.de\/index.php?rest_route=\/wp\/v2\/pages\/1311\/revisions"}],"predecessor-version":[{"id":1330,"href":"https:\/\/thp-sonja-fuchs.de\/index.php?rest_route=\/wp\/v2\/pages\/1311\/revisions\/1330"}],"wp:attachment":[{"href":"https:\/\/thp-sonja-fuchs.de\/index.php?rest_route=%2Fwp%2Fv2%2Fmedia&parent=1311"}],"curies":[{"name":"wp","href":"https:\/\/api.w.org\/{rel}","templated":true}]}}